{"id":106,"date":"2024-12-02T12:17:30","date_gmt":"2024-12-02T11:17:30","guid":{"rendered":"https:\/\/octorenovation.fr\/?page_id=106"},"modified":"2026-01-23T10:50:11","modified_gmt":"2026-01-23T09:50:11","slug":"carrelage-faience","status":"publish","type":"page","link":"https:\/\/octorenovation.fr\/?page_id=106","title":{"rendered":"Carrelage &amp; Faience"},"content":{"rendered":"\t\t<div data-elementor-type=\"wp-page\" data-elementor-id=\"106\" class=\"elementor elementor-106\">\n\t\t\t\t<div class=\"elementor-element elementor-element-4cc009c e-flex e-con-boxed e-con e-parent\" data-id=\"4cc009c\" data-element_type=\"container\">\n\t\t\t\t\t<div class=\"e-con-inner\">\n\t\t\t\t<div class=\"elementor-element elementor-element-ebcf490 elementor-widget elementor-widget-text-editor\" data-id=\"ebcf490\" data-element_type=\"widget\" data-widget_type=\"text-editor.default\">\n\t\t\t\t<div class=\"elementor-widget-container\">\n\t\t\t\t\t\t\t\t\t<p>D\u00e9couvrez ici mes r\u00e9alisations en pose de sol en <b>carrelage<\/b> ainsi qu\u2019en <b>fa\u00efence de salle de bain<\/b>. V\u00e9ritables reflets de mon <b>savoir-faire<\/b> d\u2019artisan carreleur et de mon amour du <b>travail bien fait<\/b>. Chaque chantier pr\u00e9sent\u00e9 sur cette page met en avant une pose de carrelage pr\u00e9cise, des alignements soign\u00e9s et des finitions impeccables, du sol au plafond. \u00c0 travers ces r\u00e9alisations, je partage concr\u00e8tement la qualit\u00e9 de mon travail en carrelage, mon exigence du d\u00e9tail et mon engagement \u00e0 cr\u00e9er des espaces durables, esth\u00e9tiques et sur mesure, pens\u00e9s <i>pour valoriser chaque int\u00e9rieur<\/i>.<\/p>\t\t\t\t\t\t\t\t<\/div>\n\t\t\t\t<\/div>\n\t\t\t\t\t<\/div>\n\t\t\t\t<\/div>\n\t\t<div class=\"elementor-element elementor-element-1a86411 e-flex e-con-boxed e-con e-parent\" data-id=\"1a86411\" data-element_type=\"container\">\n\t\t\t\t\t<div class=\"e-con-inner\">\n\t\t\t\t\t<\/div>\n\t\t\t\t<\/div>\n\t\t\t\t<\/div>\n\t\t","protected":false},"excerpt":{"rendered":"<p>D\u00e9couvrez ici mes r\u00e9alisations en pose de sol en carrelage ainsi qu\u2019en fa\u00efence de salle de bain. V\u00e9ritables reflets de mon savoir-faire d\u2019artisan carreleur et de mon amour du travail bien fait. Chaque chantier pr\u00e9sent\u00e9 sur cette page met en avant une pose de carrelage pr\u00e9cise, des alignements soign\u00e9s et des finitions impeccables, du sol &hellip; <\/p>\n<p class=\"link-more\"><a href=\"https:\/\/octorenovation.fr\/?page_id=106\" class=\"more-link\">Lire la suite de<span class=\"screen-reader-text\">\u00ab\u00a0Carrelage &amp; Faience\u00a0\u00bb<\/span><\/a><\/p>\n","protected":false},"author":1,"featured_media":104,"parent":0,"menu_order":0,"comment_status":"closed","ping_status":"closed","template":"","meta":{"inspiro_hide_title":false,"footnotes":""},"class_list":["post-106","page","type-page","status-publish","has-post-thumbnail","hentry"],"_links":{"self":[{"href":"https:\/\/octorenovation.fr\/index.php?rest_route=\/wp\/v2\/pages\/106","targetHints":{"allow":["GET"]}}],"collection":[{"href":"https:\/\/octorenovation.fr\/index.php?rest_route=\/wp\/v2\/pages"}],"about":[{"href":"https:\/\/octorenovation.fr\/index.php?rest_route=\/wp\/v2\/types\/page"}],"author":[{"embeddable":true,"href":"https:\/\/octorenovation.fr\/index.php?rest_route=\/wp\/v2\/users\/1"}],"replies":[{"embeddable":true,"href":"https:\/\/octorenovation.fr\/index.php?rest_route=%2Fwp%2Fv2%2Fcomments&post=106"}],"version-history":[{"count":7,"href":"https:\/\/octorenovation.fr\/index.php?rest_route=\/wp\/v2\/pages\/106\/revisions"}],"predecessor-version":[{"id":252,"href":"https:\/\/octorenovation.fr\/index.php?rest_route=\/wp\/v2\/pages\/106\/revisions\/252"}],"wp:featuredmedia":[{"embeddable":true,"href":"https:\/\/octorenovation.fr\/index.php?rest_route=\/wp\/v2\/media\/104"}],"wp:attachment":[{"href":"https:\/\/octorenovation.fr\/index.php?rest_route=%2Fwp%2Fv2%2Fmedia&parent=106"}],"curies":[{"name":"wp","href":"https:\/\/api.w.org\/{rel}","templated":true}]}}